me factors of g?
31, 37
Let x(j) = 351*j - 301. What are the prime factors of x(4)?
1103
Suppose -3*j - 3 = 0, -4*d + 70 = 4*j - 2*j. Suppose -12*n + 9*n = d. Let o = n - -36. What are the prime factors of o?
2, 3, 5
Let x(u) = 2*u**3 - 2*u**2 - 4*u + 26584. What are the prime factors of x(0)?
2, 3323
Suppose -4*z = -9*z + 115. Let i = z - 19. Suppose 158 + 10 = i*l. List the prime factors of l.
2, 3, 7
Let q(b) = b + 1. Let j(c) = -2. Let k(y) = -j(y) - 2*q(y). Let r(z) = 73*z - 11. Let o(t) = -6*k(t) - r(t). List the prime factors of o(-4).
3, 5, 17
Let k be (-25)/20 + (5 - 114/24). Let h(y) = -1174*y**3 + 4*y**2 - y - 2. What are the prime factors of h(k)?
11, 107
Let d(p) = -p**3 - 19*p**2 - 20*p + 22. Let h be d(-19). Suppose -h = -48*n + 47*n. What are the prime factors of n?
2, 3, 67
What are the prime factors of 10/(-14)*(-1669 - -38)?
5, 233
Suppose -102 = -2*m - 12. Suppose 39*b = m*b - 18. List the prime factors of 194 - ((-9)/b + (4 - 3)).
2, 7
Suppose -9*d + 300 = 16*d. What are the prime factors of 4238/d + (-180)/(-216)?
2, 3, 59
Let h = 700 + -238. Let x = -330 + h. List the prime factors of x.
2, 3, 11
Suppose -10*h + 4*h + 22048 = 2*h. What are the prime factors of h?
2, 13, 53
Suppose -2*o = -3*b - 2 + 1, o - b - 3 = 0. Suppose -5*a + 42 = -o. Suppose -n + a = 4*n. What are the prime factors of n?
2
Let d = -13 - 218. What are the prime factors of 10188/22 + 21/d?
463
Let u(y) = 4*y + 116. Let c be u(-16). Let r = 357 + c. What are the prime factors of r?
409
Let w(r) = -4*r**3 + 12*r**2 + 22*r - 106. What are the prime factors of w(-13)?
2, 1303
Let g be (-6 + 6)/(3 - 7). Suppose -4*x - 505 = -5*x + 2*r, g = r + 5. List the prime factors of x.
3, 5, 11
Let d = 293 + -286. Let o(h) = -17*h - 3. Let f(j) = -j**2 + 16*j + 2. Let u(s) = -4*f(s) - 3*o(s). What are the prime factors of u(d)?
2, 53
Let i(d) = -d**3 + 67*d**2 - 27*d - 47. What are the prime factors of i(66)?
7, 19
Let f be 0 + -6 - (-20)/5. List the prime factors of (4 + 72/(-16))/(f/1532).
383
Suppose -m - 2*m = -84. Let q be ((-285)/10 + 5)*-10. Suppose 33*v - m*v = q. List the prime factors of v.
47
Let q(v) = v**2 + 22*v + 45. Let y be q(-20). List the prime factors of 17580/16 - y/(-20).
7, 157
Suppose 18*w - 15*w - 480 = 0. Let v be (w/(-56))/(2/(-7)). Suppose 720 = v*f - 320. List the prime factors of f.
2, 13
Let f be (-6)/14 + (-93)/(-21). Let z = -10 + 0. What are the prime factors of (f/5)/(z/(-1325))?
2, 53
Suppose -4*z + 3*d = 11, 4*d - 10 = 26*z - 23*z. Let i be (-1 - 8061/(-9))*-3. List the prime factors of (4/z)/(-7 + i/(-384)).
2, 3
Let o = -158 - -181. Let v(q) = 7*q + 24. List the prime factors of v(o).
5, 37
Suppose 13*f + 52617 = 14*f - g, -2*f = -g - 105238. What are the prime factors of f?
101, 521
Suppose 0 = -2*n + 2*r - 0*r - 12, 0 = -3*n + 4*r - 23. Let h(i) be the second derivative of -5*i**3/3 + 100*i. What are the prime factors of h(n)?
2, 5
Let s be -3*(-1)/(-3) - -1. Suppose -5*w + 12 = r + r, 2*r - 5*w - 52 = s. What are the prime factors of r/20 - 706/(-5)?
2, 71
Let m(c) = 14*c**3 - c**2 - c - 3. Let l be m(-2). Let a = -77 - l. Let z = a + -26. List the prime factors of z.
2, 7
Suppose 72598 = 40*f - 81551 - 72531. What are the prime factors of f?
3, 1889
Suppose -16*f = 9*f - 40050. What are the prime factors of f?
2, 3, 89
Let a(x) = -3870*x + 3311. List the prime factors of a(-4).
19, 23, 43
Suppose 143*s - 144*s + 20583 = -3*a, 0 = -3*s - 3*a + 61833. List the prime factors of s.
2, 3, 17, 101
What are the prime factors of (-4)/(-6)*2030736/160 - (-20)/(-50)?
8461
Suppose 0 = -3*p + 51 + 834. Suppose 15 = -n - 2*n, 5*u = 5*n + p. Let i = 82 - u. What are the prime factors of i?
2, 7
Let o(j) = 2*j**2 - 21*j + 27. Let q be o(9). Suppose q = 3*c - 2*c + 5*n - 547, -8 = 2*n. List the prime factors of c.
3, 7
Let d(n) = -n. Let j(x) = -3*x**2 + x + 5. Let w be (16/(-6) + 6/(-18))*-2. Let q(k) = w*d(k) - j(k). List the prime factors of q(-6).
5, 29
Suppose 4 = -2*b, -3*b = -n + 3 + 54. Suppose -4*c - 4*t = -0*c + 180, -t = 3*c + 131. Let k = n - c. What are the prime factors of k?
2, 47
Suppose -39 = 5*s - 159. Let w be ((-6)/8)/(2/s). List the prime factors of (w/(-6))/(18/1896).
2, 79
Let m(l) = -27 + 2*l - l + 9*l**3 - 4*l**2 + 29. Let k be 4 + (-3 - (-2 - (2 - 3))). What are the prime factors of m(k)?
2, 3, 5
Suppose 0 = -k + 4*o + 10, -9 = k + 2*k + o. List the prime factors of (665/15)/(k/(-12)).
2, 7, 19
Suppose -5*d = 4*x - 335, x + 2*d + 0*d = 86. Let q(h) = h + 6. Let l be q(-5). List the prime factors of (l - -3) + -7 + -1 + x.
2, 19
Let k(g) = -4 - 22 + 0*g - 4*g - 1. Let a be k(-9). Suppose 0 = a*d - 8*d - 30. List the prime factors of d.
2, 3, 5
Let m(b) = 7*b**2 + 398*b + 156. What are the prime factors of m(-107)?
3, 13, 967
Let a = 13131 - -1672. List the prime factors of a.
113, 131
Let w(l) = 2*l - 15. Let d(m) = -m. Let v(j) = -3*d(j) - w(j). Let n be v(-16). List the prime factors of (n + (-1 - 1))*(-11 - 52).
3, 7
Suppose -w - 2 = -10. Suppose 3*n = w - 17. List the prime factors of 240 - (-5 - n)/(-1).
2, 7, 17
Suppose -29*t + 935379 + 161180 = -437048. What are the prime factors of t?
52883
Let c = 2403 - 1542. Suppose 0*v + c = 2*g + v, 2*g = -4*v + 858. List the prime factors of g.
431
Let q = -827 + 769. Let d = 847 + q. List the prime factors of d.
3, 263
Let v be ((-2)/(-6))/(11/(-132)). Let x be 20*(-2 - -1) + (-2 - v). What are the prime factors of (-1912)/x - (-1)/(-18)*4?
2, 53
Let x(h) = 8*h**2 + 4*h - 4. Let t be x(-5). Let i be 426/3*(28/(-8) - -5). Suppose 4*j - t = -4*u, -4*j - j + i = -2*u. List the prime factors of j.
43
Suppose 0 = -3*i - 235 + 241. Suppose -i*b = 5*a - 464 - 295, -1091 = -3*b + 2*a. List the prime factors of b.
367
Let x(u) = -u**3 - 13*u**2 + 2*u + 29. Let y be x(-13). Let g(j) be the third derivative of j**4/4 + 5*j**3/6 + 9*j**2. List the prime factors of g(y).
23
Suppose v - 5*c = 5271, 2*v - 10510 = 21*c - 19*c. List the prime factors of v.
59, 89
Let k = 63 - 60. Suppose -3*y + 70 = -13*r + 14*r, -3*r + 180 = k*y. List the prime factors of r.
5, 11
Let y = 63 + -45. Suppose 63 = -3*j + y. List the prime factors of (18/(-15))/((-7)/((-12250)/j)).
2, 5, 7
Suppose 462*q - 467*q + 78710 = 0. What are the prime factors of q?
2, 17, 463
Suppose -3*m = 1 - 64. Suppose 5*g - 251 = -m. Let l = g + -9. List the prime factors of l.
37
Suppose 9*s = 5*s + 4. Let t = 8 + s. List the prime factors of (-15)/2*t*-2.
3, 5
Let h(d) = 102*d - 70 + 10 - 71 + 18. List the prime factors of h(9).
5, 7, 23
Let d be 16/3 - (-3)/(-9). Suppose -j + 3*m = -6*j + 945, 3*j + d*m - 567 = 0. List the prime factors of j.
3, 7
Let c(p) = -p**2 + 2*p + 35. Let s be c(7). Suppose -4*r - t + 932 + 715 = 0, s = -3*r - 2*t + 1234. List the prime factors of r.
2, 103
List the prime factors of (31917 + -7)/2 - (-7 - (-1 - 2)).
15959
Let u be 4*(-9)/(-108) - (-14)/3. Let r(f) = f**2 - 8*f + 3. Let w be r(5). Let a = u - w. What are the prime factors of a?
17
Let p(g) = 24*g - 7*g + 7*g**2 + 4 + 22 - 20. List the prime factors of p(-5).
2, 3
Suppose 0 = -5*a - 4*w + 56917 + 57374, 0 = 5*a + w - 114309. What are the prime factors of a?
3, 7621
Let j(m) = 3*m + 140. Let c be j(-24). Suppose 2*q = -2*r + 128, 2*r - r + c = q. What are the prime factors of q?
2, 3, 11
Let t = -57381 + 106528. List the prime factors of t.
7, 17, 59
Suppose -4*p + 13*p = 18. Let q = 90 + p. Suppose 100 = 6*g - q. List the prime factors of g.
2
Suppose -6*d - 12 = -10*d. Suppose d*s = j - 24, -7*j + 16 = -3*j + 4*s. Let p(u) = 2*u**2 - 8*u - 26. What are the prime factors of p(j)?
2
Suppose -549*m + 1344034 = -520*m. List the prime factors of m.
2, 23173
Suppose 0 = 4*q + 3*i - 3, 2*q + q - 2*i - 15 = 0. Let r be (0 + 1)*(q + -9)/2. What are the prime factors of (-124)/(-16) + 2 + r/(-12)?
2, 5
Suppose 293*x - 277*x - 496 = 0. What are the prime factors of x?
31
Let y(b) = 2*b + 8. Let g be 1 + -3 + -4 + 5 + -2. Let v be y(g). Suppose -v*l + 229 = u, 2*l = -2*l + u + 449. List the prime factors of l.
113
What are the prime factors of ((-1353 - -13) + -25)/((-2)/124)?
2, 3, 5, 7, 13, 31
Suppose -2*z + 14058 = -11*z. Let r = -938 - z. List the prime factors of r.
2, 3, 13
Suppose -8*p + 15*p = 35. Suppose 2*u = -p*u. Suppose 8*o 